--
--


--
-- Name: plpgsql; Type: EXTENSION; Schema: -; Owner: 
--

CREATE EXTENSION IF NOT EXISTS plpgsql WITH SCHEMA pg_catalog;


--
-- Name: EXTENSION plpgsql; Type: COMMENT; Schema: -; Owner: 
--

COMMENT ON EXTENSION plpgsql IS 'PL/pgSQL procedural language';





--
-- Name: atoms; Type: TABLE; Schema: public; Owner: manhin; Tablespace: 
--

CREATE TABLE atoms (
    uuid bigint NOT NULL,
    space bigint,
    type smallint,
    height smallint,
    name text,
    outgoing bigint[]
);


ALTER TABLE public.atoms OWNER TO manhin;

--
-- Name: spaces; Type: TABLE; Schema: public; Owner: manhin; Tablespace: 
--

CREATE TABLE spaces (
    space bigint NOT NULL,
    parent bigint
);


ALTER TABLE public.spaces OWNER TO manhin;

--
-- Name: typecodes; Type: TABLE; Schema: public; Owner: manhin; Tablespace: 
--

CREATE TABLE typecodes (
    type smallint,
    typename text
);


ALTER TABLE public.typecodes OWNER TO manhin;

--
-- Name: values; Type: TABLE; Schema: public; Owner: manhin; Tablespace: 
--

CREATE TABLE "values" (
    vuid bigint NOT NULL,
    type smallint,
    floatvalue double precision[],
    stringvalue text[],
    linkvalue bigint[]
);


ALTER TABLE public."values" OWNER TO manhin;

--
-- Data for Name: atoms; Type: TABLE DATA; Schema: public; Owner: manhin
--

COPY atoms (uuid, space, type, height, name, outgoing) FROM stdin;
1	0	96	0	*-TruthValueKey-*	\N
2	1	143	0	ANY	\N
3	1	145	0	ANY	\N
4	1	137	0	###LEFT-WALL###	\N
5	1	137	0	fin	\N
6	1	137	0	.	\N
7	1	137	0	has	\N
8	1	137	0	tuna	\N
9	1	158	0	ANY	\N
10	1	27	1	\N	{7,5}
11	1	89	2	\N	{9,10}
12	1	27	1	\N	{8,5}
13	1	89	2	\N	{9,12}
14	1	27	1	\N	{4,5}
15	1	89	2	\N	{9,14}
16	1	27	1	\N	{8,7}
17	1	89	2	\N	{9,16}
18	1	27	1	\N	{4,8}
19	1	89	2	\N	{9,18}
20	1	27	1	\N	{4,7}
21	1	89	2	\N	{9,20}
22	1	27	1	\N	{8,6}
23	1	89	2	\N	{9,22}
24	1	27	1	\N	{7,6}
25	1	89	2	\N	{9,24}
26	1	27	1	\N	{5,6}
27	1	89	2	\N	{9,26}
28	1	137	0	eagle	\N
29	1	137	0	isa	\N
30	1	137	0	bird	\N
31	1	27	1	\N	{29,6}
32	1	89	2	\N	{9,31}
33	1	27	1	\N	{29,30}
34	1	89	2	\N	{9,33}
35	1	27	1	\N	{28,29}
36	1	89	2	\N	{9,35}
37	1	27	1	\N	{4,29}
38	1	89	2	\N	{9,37}
39	1	27	1	\N	{30,6}
40	1	89	2	\N	{9,39}
41	1	27	1	\N	{4,28}
42	1	89	2	\N	{9,41}
43	1	27	1	\N	{28,6}
44	1	89	2	\N	{9,43}
45	1	27	1	\N	{4,30}
46	1	89	2	\N	{9,45}
47	1	27	1	\N	{28,30}
48	1	89	2	\N	{9,47}
49	1	137	0	extremity	\N
50	1	27	1	\N	{49,6}
51	1	89	2	\N	{9,50}
52	1	27	1	\N	{5,29}
53	1	89	2	\N	{9,52}
54	1	27	1	\N	{5,49}
55	1	89	2	\N	{9,54}
56	1	27	1	\N	{29,49}
57	1	89	2	\N	{9,56}
58	1	27	1	\N	{4,49}
59	1	89	2	\N	{9,58}
60	1	137	0	fish	\N
61	1	27	1	\N	{29,60}
62	1	89	2	\N	{9,61}
63	1	27	1	\N	{60,6}
64	1	89	2	\N	{9,63}
65	1	27	1	\N	{8,29}
66	1	89	2	\N	{9,65}
67	1	27	1	\N	{8,60}
68	1	89	2	\N	{9,67}
69	1	27	1	\N	{4,60}
70	1	89	2	\N	{9,69}
71	1	137	0	scale	\N
72	1	27	1	\N	{71,6}
73	1	89	2	\N	{9,72}
74	1	27	1	\N	{7,71}
75	1	89	2	\N	{9,74}
76	1	27	1	\N	{5,71}
77	1	89	2	\N	{9,76}
78	1	27	1	\N	{4,71}
79	1	89	2	\N	{9,78}
80	1	27	1	\N	{5,7}
81	1	89	2	\N	{9,80}
82	1	137	0	wing	\N
83	1	27	1	\N	{7,82}
84	1	89	2	\N	{9,83}
85	1	27	1	\N	{4,82}
86	1	89	2	\N	{9,85}
87	1	27	1	\N	{28,82}
88	1	89	2	\N	{9,87}
89	1	27	1	\N	{82,6}
90	1	89	2	\N	{9,89}
91	1	27	1	\N	{28,7}
92	1	89	2	\N	{9,91}
93	1	137	0	feather	\N
94	1	27	1	\N	{82,7}
95	1	89	2	\N	{9,94}
96	1	27	1	\N	{7,93}
97	1	89	2	\N	{9,96}
109	1	27	1	\N	{4,108}
110	1	89	2	\N	{9,109}
117	1	27	1	\N	{108,5}
118	1	89	2	\N	{9,117}
130	1	27	1	\N	{121,7}
131	1	89	2	\N	{9,130}
160	1	89	2	\N	{9,159}
165	1	27	1	\N	{134,121}
166	1	89	2	\N	{9,165}
185	1	27	1	\N	{8,135}
191	1	27	1	\N	{4,135}
192	1	89	2	\N	{9,191}
195	1	27	1	\N	{134,7}
196	1	89	2	\N	{9,195}
199	1	27	1	\N	{108,135}
200	1	89	2	\N	{9,199}
98	1	27	1	\N	{82,93}
99	1	89	2	\N	{9,98}
100	1	27	1	\N	{4,93}
101	1	89	2	\N	{9,100}
106	1	27	1	\N	{82,49}
107	1	89	2	\N	{9,106}
126	1	27	1	\N	{121,6}
128	1	27	1	\N	{4,121}
129	1	89	2	\N	{9,128}
132	1	27	1	\N	{121,82}
133	1	89	2	\N	{9,132}
102	1	27	1	\N	{93,6}
103	1	89	2	\N	{9,102}
111	1	27	1	\N	{108,6}
112	1	89	2	\N	{9,111}
113	1	27	1	\N	{108,60}
134	1	138	0	left-word	\N
135	1	138	0	right-word	\N
136	1	27	1	\N	{134,135}
137	1	89	2	\N	{9,136}
157	1	27	1	\N	{60,135}
158	1	89	2	\N	{9,157}
104	1	27	1	\N	{82,29}
105	1	89	2	\N	{9,104}
114	1	89	2	\N	{9,113}
115	1	27	1	\N	{108,29}
116	1	89	2	\N	{9,115}
121	1	137	0	parrot	\N
127	1	89	2	\N	{9,126}
108	1	137	0	herring	\N
122	1	27	1	\N	{121,30}
123	1	89	2	\N	{9,122}
124	1	27	1	\N	{121,29}
125	1	89	2	\N	{9,124}
119	1	27	1	\N	{108,7}
120	1	89	2	\N	{9,119}
138	1	27	1	\N	{134,28}
139	1	89	2	\N	{9,138}
140	1	27	1	\N	{134,60}
141	1	89	2	\N	{9,140}
142	1	96	0	*-Dimension Key-*	\N
143	1	27	1	\N	{134,30}
144	1	89	2	\N	{9,143}
145	1	27	1	\N	{134,49}
146	1	89	2	\N	{9,145}
147	1	96	0	*-Entropy Key-*	\N
148	1	27	1	\N	{134,29}
149	1	89	2	\N	{9,148}
150	1	96	0	*-FrequencyKey-*	\N
151	1	27	1	\N	{49,135}
152	1	89	2	\N	{9,151}
153	1	96	0	*-Mutual Info Key-*	\N
155	1	27	1	\N	{71,135}
156	1	89	2	\N	{9,155}
159	1	27	1	\N	{30,135}
161	1	27	1	\N	{28,135}
162	1	89	2	\N	{9,161}
163	1	27	1	\N	{134,6}
164	1	89	2	\N	{9,163}
173	1	27	1	\N	{134,82}
175	1	27	1	\N	{93,135}
176	1	89	2	\N	{9,175}
177	1	27	1	\N	{82,135}
178	1	89	2	\N	{9,177}
179	1	27	1	\N	{7,135}
180	1	89	2	\N	{9,179}
181	1	27	1	\N	{121,135}
182	1	89	2	\N	{9,181}
183	1	27	1	\N	{134,5}
184	1	89	2	\N	{9,183}
186	1	89	2	\N	{9,185}
187	1	27	1	\N	{5,135}
188	1	89	2	\N	{9,187}
197	1	27	1	\N	{134,8}
198	1	89	2	\N	{9,197}
201	1	27	1	\N	{29,135}
202	1	89	2	\N	{9,201}
154	1	96	0	*-Norm Key-*	\N
167	1	96	0	*-Total Entropy Key-*	\N
168	1	96	0	*-Right Norm Key-*	\N
169	1	96	0	*-Total MI Key-*	\N
170	1	96	0	*-Left Norm Key-*	\N
171	1	27	1	\N	{134,108}
172	1	89	2	\N	{9,171}
174	1	89	2	\N	{9,173}
189	1	27	1	\N	{134,71}
190	1	89	2	\N	{9,189}
193	1	27	1	\N	{134,93}
194	1	89	2	\N	{9,193}
203	1	134	0	-	\N
204	1	133	1	\N	{7,203}
205	1	134	0	+	\N
206	1	133	1	\N	{6,205}
207	1	135	2	\N	{204,206}
208	1	136	3	\N	{5,207}
209	0	147	0	.@ixSXev7TpSf0u4CWPovzhHWBENNHWWueJNnn	\N
210	0	147	0	fin@sTeg5wiGoi18eBzES5PLzJV0jk0kADV85oJw	\N
211	0	133	1	\N	{210,203}
212	0	135	2	\N	{211}
213	0	136	3	\N	{209,212}
214	1	133	1	\N	{8,205}
215	1	135	2	\N	{214}
216	1	136	3	\N	{4,215}
217	1	133	1	\N	{5,203}
218	1	135	2	\N	{217}
219	1	136	3	\N	{6,218}
220	1	133	1	\N	{8,203}
221	1	133	1	\N	{5,205}
222	1	135	2	\N	{220,221}
223	1	136	3	\N	{7,222}
224	0	147	0	has@ls1DP4j6xAWGexFHFbxFGIRhgLojpo5SEd4x	\N
225	0	147	0	tuna@2zIq2oVqRozDnpEFdcLZ3aP062zLSIcFfWYA	\N
226	0	133	1	\N	{225,203}
227	0	133	1	\N	{210,205}
228	0	135	2	\N	{226,227}
229	0	136	3	\N	{224,228}
230	0	147	0	###LEFT-WALL###@9ZTKrfM3TuQYIXPmcF92hkGLUJmL6y5fS9uP	\N
231	0	17	0	0.000000	\N
232	0	153	1	\N	{230,231}
233	0	17	0	4.000000	\N
234	0	153	1	\N	{209,233}
235	1	133	1	\N	{4,203}
236	1	133	1	\N	{7,205}
237	1	135	2	\N	{235,236}
238	1	136	3	\N	{8,237}
239	0	145	0	mst_parse@BOyz8JgmGLOGyqZmeYYAuFWlfOc969UVw2tC	\N
240	0	148	1	\N	{225,239}
241	0	140	1	\N	{209,6}
242	0	148	1	\N	{209,239}
243	0	140	1	\N	{224,7}
244	0	17	0	1.000000	\N
245	0	153	1	\N	{225,244}
246	0	148	1	\N	{210,239}
247	0	140	1	\N	{230,4}
248	0	148	1	\N	{224,239}
249	0	140	1	\N	{210,5}
250	0	140	1	\N	{225,8}
251	0	17	0	2.000000	\N
252	0	153	1	\N	{224,251}
253	0	17	0	3.000000	\N
254	0	153	1	\N	{210,253}
255	0	133	1	\N	{224,203}
256	0	133	1	\N	{209,205}
257	0	135	2	\N	{255,256}
258	0	136	3	\N	{210,257}
259	0	133	1	\N	{230,203}
260	0	133	1	\N	{224,205}
261	0	135	2	\N	{259,260}
262	0	136	3	\N	{225,261}
263	0	148	1	\N	{230,239}
264	0	133	1	\N	{225,205}
265	0	135	2	\N	{264}
266	0	136	3	\N	{230,265}
267	1	133	1	\N	{28,205}
268	1	135	2	\N	{267}
269	1	136	3	\N	{4,268}
270	1	133	1	\N	{28,203}
271	1	133	1	\N	{30,205}
272	1	135	2	\N	{270,271}
273	1	136	3	\N	{29,272}
274	0	147	0	###LEFT-WALL###@MKbOqRHd8z0Rg8kPeGMzxASQqFaAVha1fKpz	\N
275	0	147	0	eagle@5rEPTBW7FSMxpH2BzdCj0t0jIpoQmIhKBPdM	\N
276	0	133	1	\N	{275,205}
277	0	135	2	\N	{276}
278	0	136	3	\N	{274,277}
279	1	133	1	\N	{29,203}
280	1	135	2	\N	{279,206}
281	1	136	3	\N	{30,280}
282	0	147	0	.@uV9pcitOoqLDSoCHeBI0Io3deVZkkI0HZ3NS	\N
283	0	145	0	mst_parse@w3eJ6IwINwxKMO1QmiAORQAXxQysR6L5IXEc	\N
284	0	148	1	\N	{282,283}
288	1	133	1	\N	{29,205}
289	1	135	2	\N	{235,288}
290	1	136	3	\N	{28,289}
297	0	153	1	\N	{293,253}
299	0	153	1	\N	{282,233}
304	0	140	1	\N	{275,28}
306	0	140	1	\N	{282,6}
308	0	148	1	\N	{293,283}
312	0	153	1	\N	{275,244}
314	0	153	1	\N	{291,251}
316	0	148	1	\N	{291,283}
321	0	140	1	\N	{291,29}
323	1	136	3	\N	{4,322}
326	0	147	0	fin@PywPTHtzkoNRVo02HpTuyTpPbmi9GEPhBnWg	\N
327	0	147	0	###LEFT-WALL###@N1Ioqi264Mr6MpQHivozs185CxLBkLXuz8RF	\N
328	0	133	1	\N	{327,203}
329	0	147	0	.@r0HWVmaf52B8Ij9o2Es2hmauG0CdilxYHkdq	\N
330	0	133	1	\N	{329,205}
331	0	135	2	\N	{328,330}
332	0	136	3	\N	{326,331}
334	0	147	0	extremity@GlkcYLmMxvBjhpIsxaL4X0aPHboRCGIegv31	\N
335	0	145	0	mst_parse@4MfpGaPeBa8CNuSYkBeSYjAYPv8hQwZvcS91	\N
336	0	148	1	\N	{334,335}
340	1	136	3	\N	{49,280}
375	0	147	0	###LEFT-WALL###@AUCAZenntrqUKdCixBmCtO67YnlukJs6R4nZ	\N
376	0	147	0	tuna@4FCpemhe38LfXxtQWRpGTmqOlhkF49geMOyG	\N
377	0	133	1	\N	{376,205}
378	0	135	2	\N	{377}
379	0	136	3	\N	{375,378}
382	1	133	1	\N	{60,203}
383	1	135	2	\N	{382}
384	1	136	3	\N	{6,383}
390	0	145	0	mst_parse@bjOXqC3pdYIV1vfxzZyKF4wJJZSHohQ5YUNk	\N
391	0	148	1	\N	{380,390}
392	0	140	1	\N	{386,60}
394	1	136	3	\N	{60,280}
418	1	133	1	\N	{71,205}
419	1	135	2	\N	{235,418}
420	1	136	3	\N	{5,419}
423	1	133	1	\N	{71,203}
424	1	135	2	\N	{423}
425	1	136	3	\N	{6,424}
431	0	147	0	fin@3DAazNJcpwjI8o2YDcDn0CyktpZVbyMb01JZ	\N
432	0	147	0	###LEFT-WALL###@u6520yNyax99zwjX4OE4uUZZCq1V0TfkruJz	\N
433	0	133	1	\N	{432,203}
434	0	135	2	\N	{433,428}
435	0	136	3	\N	{431,434}
440	0	147	0	.@ZRkw5QjJGCGNU7I6vmFhTpSlnzmAzQmtnqEd	\N
441	0	148	1	\N	{440,436}
443	0	133	1	\N	{431,203}
444	0	133	1	\N	{426,203}
445	0	133	1	\N	{440,205}
446	0	135	2	\N	{443,444,445}
447	0	136	3	\N	{427,446}
449	0	140	1	\N	{440,6}
451	0	133	1	\N	{427,203}
452	0	135	2	\N	{451}
453	0	136	3	\N	{440,452}
457	0	148	1	\N	{427,436}
459	0	140	1	\N	{426,7}
461	0	148	1	\N	{431,436}
463	0	153	1	\N	{431,244}
465	0	153	1	\N	{426,251}
470	0	147	0	.@GN8E1Ac07fxE38JhpA1kgJjudK9QlJSqO6NG	\N
471	0	147	0	wing@LW43RWwnrGg21eznrJwg2DTnQbt0VgBqg6Do	\N
472	0	133	1	\N	{471,203}
473	0	135	2	\N	{472}
474	0	136	3	\N	{470,473}
482	0	145	0	mst_parse@lhJGFpJHGYnQ0rALwhDuHSuB0dJVfhildHbt	\N
483	0	148	1	\N	{475,482}
486	0	140	1	\N	{468,4}
505	0	148	1	\N	{471,482}
507	0	148	1	\N	{478,482}
509	0	133	1	\N	{475,205}
510	0	135	2	\N	{509}
511	0	136	3	\N	{468,510}
513	1	135	2	\N	{501}
515	1	133	1	\N	{93,205}
516	1	135	2	\N	{235,515}
517	1	136	3	\N	{82,516}
520	1	135	2	\N	{467,204,206}
521	1	136	3	\N	{93,520}
527	0	153	1	\N	{523,253}
529	1	133	1	\N	{93,203}
530	1	135	2	\N	{529}
531	1	136	3	\N	{6,530}
285	1	133	1	\N	{30,203}
286	1	135	2	\N	{285}
287	1	136	3	\N	{6,286}
291	0	147	0	isa@wF0EfmscF9F25N7BAoBtBNmDChd5Ep0Cd9q0	\N
292	0	133	1	\N	{275,203}
293	0	147	0	bird@O1UKaXxsl6dTKvIOxy67sJqT5cVPhF4uSq6o	\N
294	0	133	1	\N	{293,205}
295	0	135	2	\N	{292,294}
296	0	136	3	\N	{291,295}
298	0	148	1	\N	{275,283}
300	0	133	1	\N	{291,203}
301	0	133	1	\N	{282,205}
302	0	135	2	\N	{300,301}
303	0	136	3	\N	{293,302}
305	0	140	1	\N	{293,30}
307	0	153	1	\N	{274,231}
309	0	133	1	\N	{293,203}
310	0	135	2	\N	{309}
311	0	136	3	\N	{282,310}
313	0	148	1	\N	{274,283}
315	0	140	1	\N	{274,4}
317	0	133	1	\N	{274,203}
318	0	133	1	\N	{291,205}
319	0	135	2	\N	{317,318}
320	0	136	3	\N	{275,319}
322	1	135	2	\N	{221}
324	1	135	2	\N	{235,206}
325	1	136	3	\N	{5,324}
333	0	140	1	\N	{329,6}
337	1	133	1	\N	{49,203}
338	1	135	2	\N	{217,337}
339	1	136	3	\N	{6,338}
341	0	153	1	\N	{334,253}
343	1	133	1	\N	{49,205}
344	1	135	2	\N	{343}
345	1	136	3	\N	{29,344}
350	0	140	1	\N	{327,4}
352	0	140	1	\N	{334,49}
357	0	153	1	\N	{327,231}
359	0	133	1	\N	{326,205}
360	0	135	2	\N	{359}
361	0	136	3	\N	{327,360}
363	0	153	1	\N	{329,233}
365	0	133	1	\N	{353,203}
366	0	135	2	\N	{365,330}
367	0	136	3	\N	{334,366}
369	0	140	1	\N	{326,5}
372	1	133	1	\N	{60,205}
373	1	135	2	\N	{220,372}
374	1	136	3	\N	{29,373}
380	0	147	0	isa@lKsNpXYtuyoVL7PjKJ6VqtTfVwKwJucmItZu	\N
381	0	140	1	\N	{380,29}
385	0	147	0	.@JoDvfLVmkeMkLN0I9uB0sZ5IHZBtXUDjSw6Z	\N
386	0	147	0	fish@zmOfK0Bc1ncphw32DcLFLbAo0lOklfXWnrln	\N
387	0	133	1	\N	{386,203}
388	0	135	2	\N	{387}
389	0	136	3	\N	{385,388}
393	0	153	1	\N	{375,231}
395	0	153	1	\N	{385,233}
397	0	140	1	\N	{375,4}
399	0	133	1	\N	{375,203}
400	0	133	1	\N	{380,205}
401	0	135	2	\N	{399,400}
402	0	136	3	\N	{376,401}
404	0	148	1	\N	{376,390}
406	0	133	1	\N	{376,203}
407	0	133	1	\N	{386,205}
408	0	135	2	\N	{406,407}
409	0	136	3	\N	{380,408}
411	0	133	1	\N	{380,203}
412	0	133	1	\N	{385,205}
413	0	135	2	\N	{411,412}
414	0	136	3	\N	{386,413}
416	0	148	1	\N	{385,390}
467	1	133	1	\N	{82,203}
468	1	147	0	###LEFT-WALL###@OKIOkZpKUPlUIsZJmVqDppVJBhQXEi6IMcMk	\N
469	0	153	1	\N	{468,231}
475	0	147	0	eagle@YAzTs5vNgrXZYcOFOj1WscFO3z5nqDN9izIa	\N
476	0	140	1	\N	{475,28}
487	0	153	1	\N	{471,253}
490	0	133	1	\N	{478,203}
491	0	133	1	\N	{470,205}
492	0	135	2	\N	{490,491}
493	0	136	3	\N	{471,492}
495	0	133	1	\N	{475,203}
496	0	133	1	\N	{471,205}
497	0	135	2	\N	{495,496}
498	0	136	3	\N	{478,497}
500	0	148	1	\N	{470,482}
342	0	148	1	\N	{329,335}
346	0	133	1	\N	{326,203}
347	0	133	1	\N	{334,203}
348	0	135	2	\N	{346,347}
349	0	136	3	\N	{329,348}
351	0	153	1	\N	{326,244}
353	0	147	0	isa@j8MeBf9fdqmuK6d34BLK1jDkPLKz8SHuRwz0	\N
354	0	133	1	\N	{334,205}
355	0	135	2	\N	{354}
356	0	136	3	\N	{353,355}
358	0	140	1	\N	{353,29}
362	0	148	1	\N	{327,335}
364	0	148	1	\N	{326,335}
368	0	148	1	\N	{353,335}
370	0	153	1	\N	{353,251}
371	1	136	3	\N	{8,289}
396	0	148	1	\N	{386,390}
398	0	153	1	\N	{376,244}
403	0	153	1	\N	{380,251}
405	0	153	1	\N	{386,253}
410	0	140	1	\N	{385,6}
415	0	148	1	\N	{375,390}
417	0	140	1	\N	{376,8}
421	1	135	2	\N	{217,204,206}
422	1	136	3	\N	{71,421}
426	0	147	0	has@CRAHlsuTdZ1RHRzZDOqjjqiPVIxs5SipPKnq	\N
427	0	147	0	scale@zzdRX1vWQ3bkAlBjeFIHWw5xypQC8r1rlZ1T	\N
428	0	133	1	\N	{427,205}
429	0	135	2	\N	{428}
430	0	136	3	\N	{426,429}
436	0	145	0	mst_parse@IRvnDITEbAloL3smjKadvSYik9fnZ9xDnnGL	\N
437	0	148	1	\N	{426,436}
438	1	135	2	\N	{418}
439	1	136	3	\N	{7,438}
442	0	148	1	\N	{432,436}
448	0	153	1	\N	{427,253}
450	0	140	1	\N	{431,5}
454	0	133	1	\N	{431,205}
455	0	135	2	\N	{454}
456	0	136	3	\N	{432,455}
458	0	153	1	\N	{432,231}
460	0	153	1	\N	{440,233}
462	0	140	1	\N	{432,4}
464	0	140	1	\N	{427,71}
466	1	136	3	\N	{82,207}
477	0	133	1	\N	{468,203}
478	0	147	0	has@Cs2csrdEtdCb43gZ2FduCVTM6qpL7xJszgrk	\N
479	0	133	1	\N	{478,205}
480	0	135	2	\N	{477,479}
481	0	136	3	\N	{475,480}
484	1	135	2	\N	{467}
485	1	136	3	\N	{6,484}
488	0	140	1	\N	{471,82}
489	0	148	1	\N	{468,482}
494	1	136	3	\N	{28,237}
499	0	153	1	\N	{470,233}
501	1	133	1	\N	{82,205}
502	1	135	2	\N	{270,501}
503	1	136	3	\N	{7,502}
563	1	136	3	\N	{82,324}
573	0	147	0	isa@VnNUeJhddieGBRihpOhJUdlPR1QY1NhqWkfl	\N
574	0	153	1	\N	{573,251}
577	0	147	0	extremity@rIrXGzhMvgVEaXQEaFYaXhMvzNQ5RL0m32kZ	\N
578	0	148	1	\N	{577,575}
580	0	153	1	\N	{567,231}
705	0	147	0	.@SP4GfkSqiSequfEiyZNMcIgiPoIjysRVGtl1	\N
706	0	153	1	\N	{705,233}
713	0	145	0	mst_parse@0cilgtxCMIAekNiMMlPg87q8Bvjymgd3vRXd	\N
714	0	148	1	\N	{699,713}
716	0	153	1	\N	{709,253}
718	0	133	1	\N	{707,203}
719	0	133	1	\N	{705,205}
720	0	135	2	\N	{718,719}
721	0	136	3	\N	{709,720}
723	0	140	1	\N	{709,30}
725	0	140	1	\N	{698,4}
729	0	148	1	\N	{705,713}
731	0	133	1	\N	{709,203}
732	0	135	2	\N	{731}
733	0	136	3	\N	{705,732}
504	0	153	1	\N	{475,244}
506	0	153	1	\N	{478,251}
508	0	140	1	\N	{478,7}
512	0	140	1	\N	{470,6}
514	1	136	3	\N	{4,513}
518	1	135	2	\N	{515}
519	1	136	3	\N	{7,518}
522	0	147	0	has@AKiGGHMyy7B2SLvWOEcZN0C8e77jtKPQbuAe	\N
523	0	147	0	feather@WxbNOVr60tcwYV7ZdbBN4Hf5FTZqScC4Z7S2	\N
524	0	133	1	\N	{523,205}
525	0	135	2	\N	{524}
526	0	136	3	\N	{522,525}
528	0	140	1	\N	{522,7}
535	0	148	1	\N	{523,533}
541	0	140	1	\N	{523,93}
543	0	148	1	\N	{537,533}
545	0	148	1	\N	{536,533}
549	0	153	1	\N	{536,244}
551	0	140	1	\N	{532,6}
557	0	153	1	\N	{537,231}
559	0	140	1	\N	{536,82}
607	1	133	1	\N	{108,203}
608	1	135	2	\N	{607,372}
609	1	136	3	\N	{29,608}
617	0	153	1	\N	{613,233}
621	0	140	1	\N	{611,29}
623	0	140	1	\N	{618,4}
629	0	140	1	\N	{610,60}
631	0	133	1	\N	{610,203}
632	0	135	2	\N	{631}
633	0	136	3	\N	{613,632}
636	0	133	1	\N	{624,203}
637	0	133	1	\N	{610,205}
638	0	135	2	\N	{636,637}
639	0	136	3	\N	{611,638}
641	0	140	1	\N	{624,108}
651	1	135	2	\N	{607,221}
652	1	136	3	\N	{7,651}
653	0	147	0	.@VWq83TtUA8NbH26wgvbpo88vToYHFdVS3BpN	\N
654	0	145	0	mst_parse@B04pyQe7fCZ3IF5UPoH02WMDO3CaF5nvl8UD	\N
655	0	148	1	\N	{653,654}
658	0	140	1	\N	{653,6}
664	0	147	0	herring@vwOyP7YNSEkqYNc6o40oxa0xct2PA0UilLH1	\N
665	0	148	1	\N	{664,654}
667	0	153	1	\N	{656,251}
669	0	140	1	\N	{659,5}
670	0	147	0	###LEFT-WALL###@yX2z2J1b4eQG2jFgA4JCPsFfZ8OGgoD1uMGq	\N
671	0	153	1	\N	{670,231}
676	0	133	1	\N	{670,203}
677	0	133	1	\N	{656,205}
678	0	135	2	\N	{676,677}
679	0	136	3	\N	{664,678}
683	0	133	1	\N	{664,205}
684	0	135	2	\N	{683}
685	0	136	3	\N	{670,684}
687	0	153	1	\N	{664,244}
689	0	148	1	\N	{670,654}
691	0	148	1	\N	{659,654}
695	1	133	1	\N	{121,203}
696	1	135	2	\N	{695,271}
697	1	136	3	\N	{29,696}
703	1	136	3	\N	{121,289}
727	0	148	1	\N	{698,713}
532	0	147	0	.@5tHXvSW25IhkOYeqYq2WAliNs4w86Q5mfTmR	\N
533	0	145	0	mst_parse@J2QC7Vq5xocVI9qYwh0Y8uL71loYmozSBbUZ	\N
534	0	148	1	\N	{532,533}
536	0	147	0	wing@dKfdXdchDno3lzmY3axJXNB01j5PIGDpdHOx	\N
537	0	147	0	###LEFT-WALL###@s6ojP6DK7P6DDNnY3eWlMZxxSlDpQJYFKijl	\N
538	0	133	1	\N	{537,203}
539	0	135	2	\N	{538,524}
540	0	136	3	\N	{536,539}
542	0	140	1	\N	{537,4}
544	0	148	1	\N	{522,533}
546	0	133	1	\N	{536,205}
547	0	135	2	\N	{546}
548	0	136	3	\N	{537,547}
550	0	153	1	\N	{522,251}
552	0	133	1	\N	{536,203}
553	0	133	1	\N	{522,203}
554	0	133	1	\N	{532,205}
555	0	135	2	\N	{552,553,554}
556	0	136	3	\N	{523,555}
558	0	153	1	\N	{532,233}
560	0	133	1	\N	{523,203}
561	0	135	2	\N	{560}
562	0	136	3	\N	{532,561}
564	1	135	2	\N	{467,337}
565	1	136	3	\N	{6,564}
566	0	147	0	wing@5Oj9HpkUWMAZomwFZXyK7QVDukIUimRLl8j7	\N
567	0	147	0	###LEFT-WALL###@aV7xvWmjSoNcPMvZMDDONv4LShTsy5HSX4Ox	\N
568	0	133	1	\N	{567,203}
569	0	147	0	.@CmeD5MU4YlKbRgxaFPWcoU7mEsmDAbWq6jTU	\N
570	0	133	1	\N	{569,205}
571	0	135	2	\N	{568,570}
572	0	136	3	\N	{566,571}
575	0	145	0	mst_parse@9PLc3H8y8Zjz4kxMaDyoAEExoOCjMc4JO9mq	\N
576	0	148	1	\N	{569,575}
579	0	153	1	\N	{577,253}
581	0	140	1	\N	{577,49}
582	0	140	1	\N	{567,4}
583	0	133	1	\N	{577,205}
584	0	135	2	\N	{583}
585	0	136	3	\N	{573,584}
586	0	153	1	\N	{566,244}
587	0	153	1	\N	{569,233}
588	0	133	1	\N	{566,203}
589	0	133	1	\N	{577,203}
590	0	135	2	\N	{588,589}
591	0	136	3	\N	{569,590}
592	0	140	1	\N	{566,82}
593	0	140	1	\N	{573,29}
594	0	133	1	\N	{573,203}
595	0	135	2	\N	{594,570}
596	0	136	3	\N	{577,595}
597	0	133	1	\N	{566,205}
598	0	135	2	\N	{597}
599	0	136	3	\N	{567,598}
600	0	148	1	\N	{566,575}
601	0	148	1	\N	{567,575}
602	0	140	1	\N	{569,6}
603	0	148	1	\N	{573,575}
604	1	133	1	\N	{108,205}
605	1	135	2	\N	{604}
606	1	136	3	\N	{4,605}
610	0	147	0	fish@fUnn1AOjqnazg1iyh8tMgCBlV4HFUjBmyCRm	\N
611	0	147	0	isa@DK1DSEKWgfRNGjYqUIJGVgTSwfQHwHQcfuSY	\N
612	0	133	1	\N	{611,203}
613	0	147	0	.@asIYlBb4J95WNzLBXkFKKWZrgdYNmLWbbAUw	\N
614	0	133	1	\N	{613,205}
615	0	135	2	\N	{612,614}
616	0	136	3	\N	{610,615}
618	0	147	0	###LEFT-WALL###@2AlkWHD1yiEwWkuTrVnlJa280ix3AhOqERAj	\N
619	0	145	0	mst_parse@gbPIgZiJVethr2Lavwj5AOFYl0XRtrtuZ8mU	\N
620	0	148	1	\N	{618,619}
622	0	148	1	\N	{611,619}
624	0	147	0	herring@6BIINt2FnkwY45mW2VwcUgJzJCk4O26GWi9B	\N
625	0	133	1	\N	{618,203}
626	0	133	1	\N	{611,205}
627	0	135	2	\N	{625,626}
628	0	136	3	\N	{624,627}
630	1	136	3	\N	{108,289}
634	0	148	1	\N	{624,619}
635	0	140	1	\N	{613,6}
640	0	148	1	\N	{613,619}
642	0	153	1	\N	{611,251}
643	0	148	1	\N	{610,619}
644	0	133	1	\N	{624,205}
645	0	135	2	\N	{644}
646	0	136	3	\N	{618,645}
647	0	153	1	\N	{624,244}
648	0	153	1	\N	{610,253}
649	0	153	1	\N	{618,231}
650	1	136	3	\N	{108,237}
656	0	147	0	has@yZr5ZAn5xWFAbxFo9rN3Hd84oWCNBaggSYWJ	\N
657	0	140	1	\N	{656,7}
659	0	147	0	fin@5IUVF5Nogf9V9DzIBCxXisg40t8YMjjKUFuH	\N
660	0	133	1	\N	{656,203}
661	0	133	1	\N	{653,205}
662	0	135	2	\N	{660,661}
663	0	136	3	\N	{659,662}
666	0	148	1	\N	{656,654}
668	0	153	1	\N	{653,233}
672	0	133	1	\N	{664,203}
673	0	133	1	\N	{659,205}
674	0	135	2	\N	{672,673}
675	0	136	3	\N	{656,674}
680	0	133	1	\N	{659,203}
681	0	135	2	\N	{680}
682	0	136	3	\N	{653,681}
686	0	140	1	\N	{664,108}
688	0	153	1	\N	{659,253}
690	0	140	1	\N	{670,4}
692	1	133	1	\N	{121,205}
693	1	135	2	\N	{692}
694	1	136	3	\N	{4,693}
698	0	147	0	###LEFT-WALL###@LpRrJI39fwJUswkgPqrD6bJajxKWtaWRc4cG	\N
699	0	147	0	parrot@1TiyryaWhGKOLAOMBiVRLiMgStPP2HlhfKTz	\N
700	0	133	1	\N	{699,205}
701	0	135	2	\N	{700}
702	0	136	3	\N	{698,701}
704	0	153	1	\N	{699,244}
707	0	147	0	isa@jf6tJbVmUZNd1JuG4GgnnxSWz8oGQzkAYahl	\N
708	0	133	1	\N	{699,203}
709	0	147	0	bird@yj8F8hMOp5kzjyEs5olmQ0b53kZ4qHc7L4TL	\N
710	0	133	1	\N	{709,205}
711	0	135	2	\N	{708,710}
712	0	136	3	\N	{707,711}
715	0	140	1	\N	{707,29}
717	0	140	1	\N	{705,6}
722	0	153	1	\N	{698,231}
724	0	153	1	\N	{707,251}
726	0	148	1	\N	{707,713}
728	0	148	1	\N	{709,713}
730	0	140	1	\N	{699,121}
734	0	133	1	\N	{698,203}
735	0	133	1	\N	{707,205}
736	0	135	2	\N	{734,735}
737	0	136	3	\N	{699,736}
738	1	136	3	\N	{121,237}
743	0	147	0	parrot@wCOIuydBgXWmnzj3o8Zkw5wwuapXoVIXXlba	\N
744	0	140	1	\N	{743,121}
749	0	147	0	has@wzck2MtrKJSyVHZfSU3HPRjJhcgO3NcDfa6U	\N
750	0	133	1	\N	{749,203}
751	0	133	1	\N	{741,205}
752	0	135	2	\N	{750,751}
753	0	136	3	\N	{745,752}
755	0	147	0	###LEFT-WALL###@qttNmchRp3GhmVjNv2wOQjft4eBnzY8zbYRr	\N
756	0	133	1	\N	{743,205}
757	0	135	2	\N	{756}
758	0	136	3	\N	{755,757}
761	0	140	1	\N	{755,4}
763	0	140	1	\N	{741,6}
768	0	148	1	\N	{749,759}
771	0	153	1	\N	{755,231}
776	0	153	1	\N	{745,253}
778	0	148	1	\N	{755,759}
739	1	135	2	\N	{695,501}
740	1	136	3	\N	{7,739}
741	0	147	0	.@w7BIcWBAYB7gts3ZKgknGo5X6pllxFS2jlLU	\N
742	0	153	1	\N	{741,233}
745	0	147	0	wing@nHWyMfhWk8tfeA0ptlX3OjAE9mI4Hqfc9dES	\N
746	0	133	1	\N	{745,203}
747	0	135	2	\N	{746}
748	0	136	3	\N	{741,747}
754	0	153	1	\N	{749,251}
759	0	145	0	mst_parse@xaxuaFRNRZ6HGqld6g2rScqK25dxAAHO5vSe	\N
760	0	148	1	\N	{745,759}
762	0	140	1	\N	{749,7}
764	0	133	1	\N	{755,203}
765	0	133	1	\N	{749,205}
766	0	135	2	\N	{764,765}
767	0	136	3	\N	{743,766}
769	0	148	1	\N	{743,759}
770	0	140	1	\N	{745,82}
772	0	133	1	\N	{743,203}
773	0	133	1	\N	{745,205}
774	0	135	2	\N	{772,773}
775	0	136	3	\N	{749,774}
777	0	153	1	\N	{743,244}
779	0	148	1	\N	{741,759}
\.


--
-- Data for Name: spaces; Type: TABLE DATA; Schema: public; Owner: manhin
--

COPY spaces (space, parent) FROM stdin;
0	0
1	1
\.


--
-- Data for Name: typecodes; Type: TABLE DATA; Schema: public; Owner: manhin
--

COPY typecodes (type, typename) FROM stdin;
0	Value
1	FloatValue
2	StringValue
3	LinkValue
4	Valuation
5	TruthValue
6	SimpleTruthValue
7	CountTruthValue
8	IndefiniteTruthValue
9	FuzzyTruthValue
10	ProbabilisticTruthValue
11	EvidenceCountTruthValue
12	AttentionValue
13	Atom
14	Node
15	Link
16	ConceptNode
17	NumberNode
18	OrderedLink
19	UnorderedLink
20	EvaluatableLink
21	BooleanLink
22	NumericLink
23	NumericOutputLink
24	TypeLink
25	TypeOutputLink
26	SetLink
27	ListLink
28	MemberLink
29	ContextLink
30	InheritanceLink
31	SubsetLink
32	IntensionalInheritanceLink
33	SimilarityLink
34	ExtensionalSimilarityLink
35	IntensionalSimilarityLink
36	TrueLink
37	FalseLink
38	AndLink
39	OrLink
40	NotLink
41	SequentialAndLink
42	SequentialOrLink
43	ChoiceLink
44	PresentLink
45	AbsentLink
46	ParallelLink
47	JoinLink
48	VariableNode
49	VariableList
50	GlobNode
51	QuoteLink
52	UnquoteLink
53	LocalQuoteLink
54	DontExecLink
55	FreeLink
56	DeleteLink
57	UniqueLink
58	StateLink
59	DefineLink
60	ScopeLink
61	RewriteLink
62	PrenexLink
63	LambdaLink
64	PutLink
65	PatternLink
66	SatisfactionLink
67	SatisfyingLink
68	GetLink
69	BindLink
70	DualLink
71	ForAllLink
72	ExistsLink
73	SatisfyingSetScopeLink
74	SatisfyingSetLink
75	ImplicationScopeLink
76	IntensionalImplicationScopeLink
77	ExtensionalImplicationScopeLink
78	EquivalenceScopeLink
79	IntensionalEquivalenceScopeLink
80	ExtensionalEquivalenceScopeLink
81	ImplicationLink
82	IntensionalImplicationLink
83	ExtensionalImplicationLink
84	EquivalenceLink
85	IntensionalEquivalenceLink
86	ExtensionalEquivalenceLink
87	AssociativeLink
88	AttractionLink
89	EvaluationLink
90	ExecutionLink
91	ProcedureNode
92	GroundedProcedureNode
93	SchemaNode
94	DefinedSchemaNode
95	GroundedSchemaNode
96	PredicateNode
97	DefinedPredicateNode
98	GroundedPredicateNode
99	TypeNode
100	TypeInhNode
101	TypeCoInhNode
102	DefinedTypeNode
103	TypeChoice
104	TypeSetLink
105	ArrowLink
106	SignatureLink
107	FuzzyLink
108	TypedVariableLink
109	TypedAtomLink
110	AnchorNode
111	IntervalLink
112	QuantityLink
113	VirtualLink
114	GreaterThanLink
115	IdenticalLink
116	EqualLink
117	FunctionLink
118	ExecutionOutputLink
119	FoldLink
120	ArithmeticLink
121	PlusLink
122	MinusLink
123	TimesLink
124	DivideLink
125	RandomNumberLink
126	ArityLink
127	RandomChoiceLink
128	TimeLink
129	SleepLink
130	MapLink
131	ComposeLink
132	ProjectLink
133	Connector
134	ConnectorDir
135	ConnectorSeq
136	Section
137	WordNode
138	AnyNode
139	WordClassNode
140	ReferenceLink
141	ActionLink
142	DocumentNode
143	SentenceNode
144	SentenceLink
145	ParseNode
146	ParseLink
147	WordInstanceNode
148	WordInstanceLink
149	UtteranceNode
150	DialogNode
151	PhraseNode
152	SequenceLink
153	WordSequenceLink
154	SentenceSequenceLink
155	DocumentSequenceLink
156	FeatureNode
157	FeatureLink
158	LinkGrammarRelationshipNode
159	DefinedLinguisticConceptNode
160	DefinedLinguisticPredicateNode
161	DefinedLinguisticRelationshipNode
162	PrepositionalRelationshipNode
163	WordSenseNode
164	WordSenseLink
165	PartOfSpeechNode
166	PartOfSpeechLink
167	LemmaNode
168	LemmaLink
169	HolonymLink
170	TenseNode
171	TenseLink
172	CosenseLink
173	SemeNode
174	SemanticRelationNode
175	InterpretationNode
176	InterpretationLink
177	SpecificEntityNode
178	LgDictNode
179	LgDictEntry
180	LgParseLink
181	LgParseMinimal
182	LgConnectorNode
183	LgConnMultiNode
184	LgConnDirNode
185	LgConnector
186	LgSeq
187	LgAnd
188	LgOr
189	LgWordCset
190	LgDisjunct
191	LgLinkInstanceNode
192	LgLinkInstanceLink
193	SetTypeLink
194	SetSizeLink
\.


--
-- Data for Name: values; Type: TABLE DATA; Schema: public; Owner: manhin
--

COPY "values" (vuid, type, floatvalue, stringvalue, linkvalue) FROM stdin;
\.


--
-- Name: atoms_pkey; Type: CONSTRAINT; Schema: public; Owner: manhin; Tablespace: 
--

ALTER TABLE ONLY atoms
    ADD CONSTRAINT atoms_pkey PRIMARY KEY (uuid);


--
-- Name: atoms_type_name_key; Type: CONSTRAINT; Schema: public; Owner: manhin; Tablespace: 
--

ALTER TABLE ONLY atoms
    ADD CONSTRAINT atoms_type_name_key UNIQUE (type, name);


--
-- Name: atoms_type_outgoing_key; Type: CONSTRAINT; Schema: public; Owner: manhin; Tablespace: 
--

ALTER TABLE ONLY atoms
    ADD CONSTRAINT atoms_type_outgoing_key UNIQUE (type, outgoing);


--
-- Name: spaces_pkey; Type: CONSTRAINT; Schema: public; Owner: manhin; Tablespace: 
--

ALTER TABLE ONLY spaces
    ADD CONSTRAINT spaces_pkey PRIMARY KEY (space);


--
-- Name: typecodes_type_key; Type: CONSTRAINT; Schema: public; Owner: manhin; Tablespace: 
--

ALTER TABLE ONLY typecodes
    ADD CONSTRAINT typecodes_type_key UNIQUE (type);


--
-- Name: typecodes_typename_key; Type: CONSTRAINT; Schema: public; Owner: manhin; Tablespace: 
--

ALTER TABLE ONLY typecodes
    ADD CONSTRAINT typecodes_typename_key UNIQUE (typename);


--
-- Name: values_pkey; Type: CONSTRAINT; Schema: public; Owner: manhin; Tablespace: 
--

ALTER TABLE ONLY "values"
    ADD CONSTRAINT values_pkey PRIMARY KEY (vuid);


--
-- Name: incoming_idx; Type: INDEX; Schema: public; Owner: manhin; Tablespace: 
--

CREATE INDEX incoming_idx ON atoms USING gin (outgoing);


--
-- Name: atoms_space_fkey; Type: FK CONSTRAINT; Schema: public; Owner: manhin
--

ALTER TABLE ONLY atoms
    ADD CONSTRAINT atoms_space_fkey FOREIGN KEY (space) REFERENCES spaces(space);


--
-- Name: public; Type: ACL; Schema: -; Owner: postgres
--

REVOKE ALL ON SCHEMA public FROM PUBLIC;
REVOKE ALL ON SCHEMA public FROM postgres;
GRANT ALL ON SCHEMA public TO postgres;
GRANT ALL ON SCHEMA public TO PUBLIC;


--
--

